47. Let n = s - 88. What is the units digit of i(n)?
7
Let w(p) = 12*p**2 - 2*p - 3. Let b be w(-5). Let y be (-7)/(-21)*3/2*(-724)/2. Let m = y + b. What is the units digit of m?
6
Suppose -93*y + 193366 = -50802 - 23114. What is the hundreds digit of y?
8
Suppose 0*d - 29*d = -493. Let n = 195 - d. What is the tens digit of n?
7
Let r(i) = i**3 + 35*i**2 - 38*i + 47. What is the tens digit of r(14)?
1
Let l = 199 - 197. Suppose -2*v = -l*f - 465 - 1477, v - 3*f = 979. What is the hundreds digit of v?
9
Let z be (0 + (-100)/15)*-12. Let b be z/(-15)*6/(-4). Suppose -6*t - b*t = -2184. What is the tens digit of t?
5
Let y be ((2 + -3)*2)/(-1). Suppose y*x - 7*x + 20 = 0. What is the hundreds digit of 6*183*x/36?
1
Suppose 0 = x + 2*v + 26, 7*x = 2*x - 3*v - 116. Let c = x - 40. Let r = 147 + c. What is the units digit of r?
5
Suppose 3*i + 3*q = -q + 20, -3*q + 6 = 0. Let t(r) = 14*r**3 + 5*r**2 - 15*r + 8. What is the hundreds digit of t(i)?
9
Let m be (-3 + 2 - 1)*(-24)/16. Let x be 33*(65/3 - 0). Suppose 0 = -2*r - 10, 5*f - r - m*r - x = 0. What is the tens digit of f?
3
Suppose 8*y + 3*y - 33 = 0. Suppose -3*q - 2*m + 107 = -0*q, 113 = y*q - m. Let l = 18 + q. What is the tens digit of l?
5
Let p(u) = 523*u**2 + 531*u + 2675. What is the hundreds digit of p(-5)?
0
Let t = -49 + 835. What is the hundreds digit of 104/(-39)*t/(-8)?
2
Suppose 3*a - 39201 = -x, -21682 + 87033 = 5*a - x. What is the tens digit of a?
6
Let g(q) = -q**3 + 26*q**2 - 23*q + 23. Let h be (-2717)/(-57) - 1/(-3). Let u be -5*(-1)/(-3 + h/15). What is the units digit of g(u)?
3
What is the tens digit of (-2)/2*1070013/(-203)?
7
Let r = 363 - 481. Let t = r - -476. What is the tens digit of t?
5
Let u(z) = 11*z + 7. Let a(r) = 3*r - 8. Let x(g) = g**3 - 5*g**2 - 7*g + 10. Let n be x(6). Let q be a(n). What is the tens digit of u(q)?
5
Let y be (-6)/(-9)*-31*-6. Suppose -4*i = v + 33 + 143, 2*i + 74 = 3*v. Let a = i + y. What is the units digit of a?
1
Let z(o) = 20*o - 77. Let i be z(16). Suppose -g = -2*u - i, 0 = -5*u + 15. What is the units digit of g?
9
Let x = -315 + 319. Suppose x*c + 323 = m, -1530 = -5*m - 9*c + 12*c. What is the tens digit of m?
0
Let i be ((-1190)/6)/5*(-7 - -1). What is the hundreds digit of (-2 - -18)/(28/i)?
1
Let i(s) be the second derivative of -s**4/12 - 23*s**3/3 - 31*s**2/2 - 27*s - 1. What is the units digit of i(-38)?
3
Suppose 4*z - b - 112 = 0, 0 = -5*z - 6*b + 7*b + 141. Suppose 35*j - 870 = z*j. What is the units digit of j?
5
Suppose 10179 = -21*i + 8*i. What is the tens digit of (-10 + -1)/((72/i)/8)?
5
Let f be (11 + 1)*(-35)/105. What is the thousands digit of 1168 - f/8*4?
1
Suppose -l - 4*u - 353 = 0, -797 = 4*l - 4*u + 695. Let i = -62 - l. What is the hundreds digit of i?
3
Let c(n) = -1316*n - 13472. What is the tens digit of c(-56)?
2
Let t be 21*(-9)/((-189)/6). Let z(w) = -109*w**3 + 108*w**3 + 11*w**2 + 2 - 8*w - 3*w**2. What is the tens digit of z(t)?
2
Suppose 0 = -2*a + 58 + 16. Let h(c) = 3*c**2 + 37*c - 151. Let t be h(-16). Let z = a - t. What is the units digit of z?
2
Suppose -4*k - w = -122996, -227359 = -5*k + 2*w - 73627. Suppose -23*v - 8530 = -k. What is the tens digit of v?
6
Let z = -34 - -35. Suppose 0*c - 22 = -11*c. What is the tens digit of ((34 - c)*4)/(z/2)?
5
Let g = 12146 + -1723. What is the thousands digit of g?
0
Let g = -198 + 198. Suppose 0 = 4*v + 4*o - 471 - 1293, -4*o = g. What is the tens digit of v?
4
Suppose -4*f + 3*c = -2 - 0, 4*f - 2*c = 4. Let y(a) = 3*a**3 - 12*a**2 - 10*a - 20. Let z be y(5). What is the units digit of ((2 - f)*1 + 4)*z?
0
Let g = 2584 + -1400. Suppose g = 4*n + 328. What is the units digit of n?
4
Let j(h) = 3*h - 2*h**3 - 12 - 3*h**3 + 6*h**3 - 1 - 5*h**2. Let v be j(5). Suppose -3*l - 1055 = -5*b, -237 = -3*b - v*l + 377. What is the units digit of b?
8
Let z = -56 + 69. Suppose -8*d = -z*d - 3355. What is the tens digit of (-1)/(-8) + (-2 - d/8)?
8
Suppose 3*l - 17*a + 20*a - 68562 = 0, 0 = -3*l + 4*a + 68541. What is the thousands digit of l?
2
Suppose -7*n - 347640 = -8*n - 11*n. What is the tens digit of n?
7
Let w(t) = 9*t**3 + 3*t**2 + 9*t - 18. Let j be 8 + -8 + 4 - 0/1. What is the tens digit of w(j)?
4
Suppose -2*s - 4*x = -21276, 14*s = 22*s - 4*x - 85104. What is the units digit of s?
8
Suppose -4*k - t + 3283 = -2*t, -5*k - 2*t + 4120 = 0. Suppose 3*y - 2*j - 501 = 0, -4*y = y + j - k. Let w = y - 20. What is the units digit of w?
5
Let k(a) = a**2 - 3*a + 3. Let h be k(3). Suppose -2*u + w + 719 = 0, -h*u + 4*u + w = 358. Suppose -4*l = -u + 95. What is the tens digit of l?
6
Let l be (6084/(-16) + 8)*(1 - -3). Let g = -168 - l. What is the thousands digit of g?
1
Let v(g) = 1821*g**2 + 11*g - 67. What is the thousands digit of v(4)?
9
What is the hundreds digit of (3/(-9))/((-1 - -7)/(-3708))?
2
Suppose 0 = -3*y + 6*v - 10*v + 19190, -3*y + 19165 = -v. What is the tens digit of y?
9
Let z(m) = -m**2 - 15*m - 5. Suppose 3*l - 7 = -1, -3*i - 2*l - 20 = 0. Let q be z(i). Suppose j + q = 3*v, 0 = 2*j - 7*j - 15. What is the units digit of v?
6
What is the hundreds digit of -3 - -30 - 21 - 12/1 - -27413?
4
Suppose -2 = f, 2*i + 4*f + 11 = 33. Suppose 0 = -i*j + 47*j - 1888. What is the units digit of j?
9
Let l = 314 - -638. Suppose -2*z - l = 5*z. Let g = z + 204. What is the units digit of g?
8
Suppose 9*k + 15*k = 0. Suppose k = -25*w - 1782 + 13382. What is the hundreds digit of w?
4
Suppose -236*y + 240*y - 52 = 0. Suppose -y*d = 19*d - 19648. What is the hundreds digit of d?
6
Let j = 18401 + -9909. What is the tens digit of j?
9
Let b(d) = -134*d + 4846. What is the hundreds digit of b(35)?
1
Let f(o) = -o**3 - 35*o**2 - 655*o + 45. What is the units digit of f(-40)?
5
Let x = -1236 - -2197. What is the units digit of x?
1
Suppose -2*t + 5*o + 25659 = 0, -628*o + 625*o + 25683 = 2*t. What is the ten thousands digit of t?
1
Let b(f) be the first derivative of 4*f**2 - 11*f - 25. Let q be b(2). Let n(m) = 15*m + 19. What is the units digit of n(q)?
4
Let a(z) be the third derivative of z**5/30 + 2*z**4/3 + 11*z**3/3 - 58*z**2. What is the units digit of a(-21)?
8
Suppose 0 = 16*a - 9*a + 21441. Let b = -1263 - a. Suppose 8*j = -2*j + b. What is the hundreds digit of j?
1
Let o(d) = 7*d - 11*d - 11*d. What is the tens digit of o(-11)?
6
Suppose 5 = -9*f + 5. Let l(u) = u**3 + 7. Let o be l(f). What is the units digit of 138 + o/(14/6)?
1
Let k(h) = -1891*h**3 - 2*h - 3. Let y be k(-1). What is the units digit of (4/6*-2)/((-5)/y)?
4
Let z(q) = 3*q**2 + 12*q + 28. Let k be 68/(-8)*-1*-2. What is the tens digit of z(k)?
9
Suppose -5*y - 3*c = 1281, -5*c = y + 232 + 11. Let v be (-15)/(-8) + (-6)/(-48). What is the tens digit of (-1)/(v/y - 0)?
2
Suppose 0 = 20*j - 41743 - 44997. What is the hundreds digit of j?
3
Let m = -119 - -27. Let q be (-590)/(-4)*m/(-115). Suppose -2*x + 16 = -q. What is the tens digit of x?
6
Let h = -196 + 139. Let b be h/(-21) - (-20)/70. Suppose b*v - 701 = -4*c - 2*v, -3*c - 2*v = -531. What is the units digit of c?
9
Let k(o) be the first derivative of -o**4 - 55*o**3/3 + o**2/2 + 17*o - 47. What is the units digit of k(-14)?
9
Suppose 0 = -61*i - 4*i - 889898 + 3318948. What is the thousands digit of i?
7
Let h(q) = q**2 + 4*q - 11. Let g be h(3). Let f(t) = -2 - 7*t + 0 + g + 1. What is the units digit of f(-9)?
2
Let b = 110 + -63. Let w = b + -43. Suppose 0*v - 84 = -4*y + 4*v, 141 = 5*y + w*v. What is the tens digit of y?
2
Suppose 35*m - 8*m - 162 = 0. Suppose -8*n + 5 = -9*n, 4*n + m = -v. What is the units digit of v?
4
What is the hundreds digit of -19 + (-146)/(-8) + 121766/8?
2
Let z be (-3 + 3 + 24)*6/16. Let c(v) = 10*v**2 - 40*v - 11. What is the tens digit of c(z)?
3
Suppose 3*h = -5*z + 21, 5*h - 3*z + 2 = 37. Suppose 4808 = 5*c + 10*s - h*s, 3*c - 2887 = -4*s. What is the hundreds digit of c?
9
Suppose -1038*f - 40455 = -1041*f + 5*w, 53882 = 4*f + 3*w. What is the thousands digit of f?
3
Suppose 2*w + 27097 = 3*a, -4*a + 36131 = 351*w - 354*w. What is the hundreds digit of a?
0
Let z = 520 + -240. Suppose 0*u = 2*u - 10, 0 = -3*n + 4*u + z. What is the tens digit of n?
0
Suppose 10*q - 6912 - 30638 = 0. Suppose 0 = -6*h + 133 + q. What is the tens digit of h?
4
What is the ten thousands digit o